= o**2 - 9*o - 6. Let h be g(10). What is the highest common divisor of 16 and h?
4
Suppose 5*c = 4*c - 6. Let x be (-2 - 0)*1 - c. What is the greatest common divisor of 4 and x?
4
Suppose 40 = 12*r - 8. What is the greatest common divisor of 1 and r?
1
Suppose 95 - 615 = -10*w. Suppose 4*t = 72 - 20. Calculate the greatest common divisor of w and t.
13
Suppose 3*o + 2*o + 20 = 3*u, 5*u - 58 = -4*o. Let s = 91 - 86. What is the greatest common factor of s and u?
5
Let o(n) = 7*n**2 + 9*n - 1. Let h(p) = -p**2 - p - 1. Let f(s) = 4*h(s) + o(s). Let a = 1 + 3. Let k be f(a). Calculate the greatest common factor of 9 and k.
9
Let w be 1160/88 - (-2)/(-11). Calculate the highest common factor of 52 and w.
13
Suppose -4*g + 7 = -3*q, -q - 3*g = -0*q - 2. Let c = 14 - q. What is the highest common divisor of c and 3?
3
Let p(z) = -2*z**2 + 3*z - 7. Let s be p(5). Let h = s + 82. Calculate the highest common divisor of h and 8.
8
Let g be (-2 - -1)/((-5)/65). Let u(x) = 14*x + 6. Let y be 6/18 - 20/(-3). Let a be u(y). What is the highest common divisor of a and g?
13
Suppose -3*p - p = 5*b - 284, -192 = -3*b + 3*p. Calculate the highest common divisor of 6 and b.
6
Let i be 0/(2/(0 + 1)). Let c be 8/(i + (-2)/(-10)). Let k = 4 + c. Calculate the greatest common divisor of k and 4.
4
Let u be (-1)/(-1) - (-1 - 1). Suppose 3*f - b - 92 = 0, u*f = 4*b + 39 + 59. Calculate the greatest common divisor of f and 6.
6
Suppose -5*h = -2*h - 15. Suppose -a + h*c - 17 = 0, -a + 4*a + 3*c = 39. Calculate the highest common factor of 1 and a.
1
Let r be (-58)/(-6) - (-2)/6. Let p be ((-2)/2 - r)/(-1). Suppose -2*a + 12 + 164 = 0. What is the greatest common divisor of p and a?
11
Let n(k) = -3 - 3*k + 4 + 2 + 0. Let b = -1 - 2. Let t be n(b). What is the highest common divisor of 4 and t?
4
Let c(h) = -h**2 + 5*h + 14. Let y be c(6). Calculate the greatest common divisor of 56 and y.
8
Let j be (-85)/(-2)*12/10. Calculate the greatest common factor of j and 17.
17
Suppose -5*a + 2*b + 0 = -7, -a - b = 0. Let c be 1/1 - (-7 - -2). Let q = c + -5. What is the highest common divisor of a and q?
1
Let h(o) = o**2 + 7*o + 3. Let d be h(-7). Suppose 2*k + 2*p + d*p + 1 = 0, -3*p = 5*k - 26. Calculate the highest common divisor of 63 and k.
7
Suppose -2*y - y = -4*i + 254, -3*i + 5*y = -196. Let z = i + -42. Calculate the highest common divisor of z and 30.
10
Let z = -24 - -26. Suppose 0 = z*g - 14 - 16. Calculate the highest common divisor of 165 and g.
15
Let w = 30 - 21. Let v(d) = -d**3 - 9*d**2 - 7*d + 9. Let r be v(-8). Suppose 0 = 2*n - 19 + r. What is the highest common factor of n and w?
9
Let c(u) = u**3 + 50. Let p be c(0). What is the highest common factor of 20 and p?
10
Suppose 3*u = -2*u + 1365. Suppose u = 4*b - b. Calculate the highest common divisor of b and 13.
13
Let a(m) = -10*m. Let f be a(-1). Let i = f - 6. Suppose -i*k + 105 = k. Calculate the highest common divisor of 14 and k.
7
Let p(a) = a**3 - a - 1. Let i be p(2). Let r be (28 + 2)*14/i. Suppose -3*y + 16 = -4*o, y = -0*o + 5*o - 13. What is the greatest common divisor of r and y?
12
Suppose 3*s + 0*c - 9 = c, -2*c - 9 = -3*s. Let v = s + -7. Let j be v/2 + 2 - -3. Calculate the highest common divisor of j and 15.
3
Let n = 155 - 111. Calculate the highest common divisor of n and 4.
4
Suppose 3*g - 42 = 2*s + 25, -4*s - 8 = 0. Calculate the greatest common divisor of g and 7.
7
Let u(k) = -16*k + 2. Let g be u(2). Let j = -20 - g. What is the highest common divisor of j and 80?
10
Suppose -13*b + 56 = -9*b. Calculate the greatest common divisor of 21 and b.
7
Let z(f) = 18*f**3 - f**2. Let b be z(1). Let t be (-2)/(-7) + (-1069)/(-7). What is the highest common factor of t and b?
17
Let k(w) = 6*w**3 - 5*w - 8*w**3 + w**3 + 3*w**3 - 6*w**2. Let a be k(5). What is the highest common factor of 15 and a?
15
Suppose -5 - 7 = -2*v. Let p = v + -1. Calculate the highest common factor of p and 1.
1
Let f = 6 - -9. Let k = 13 + -8. Suppose -k*t - 13 + 6 = -4*w, -t = 2*w - 7. Calculate the greatest common factor of f and w.
3
Let k be 29 + -6*(3/2)/(-3). Calculate the highest common divisor of k and 40.
8
Suppose 0 = -2*d + 5*m + 16, -2*d - 3*d - m + 13 = 0. Suppose -d*z = -2 - 22. Let l be (34/z)/(2/8). Calculate the highest common factor of 153 and l.
17
Suppose -z + 2 = -4. Let y = -191 - -195. What is the greatest common factor of y and z?
2
Suppose -26 - 58 = -2*r. What is the highest common divisor of r and 56?
14
Suppose 9*y = 17*y - 376. What is the highest common factor of 423 and y?
47
Let w be 1 + (-9)/3 + 377. Suppose 6*z - z + w = 0. Let x be (48/(-10))/(10/z). Calculate the greatest common factor of x and 18.
18
Let v = -20 + 52. Suppose a + 2*n = -20, 3*a + a = -n - 73. Let x be (-76)/a + 4/(-18). Calculate the highest common divisor of v and x.
4
Suppose 4*n - 29 + 9 = 0. Suppose 8 = 7*p - n*p. Let c be (14/3)/((-2)/(-12)). Calculate the greatest common divisor of c and p.
4
Let q be (-128 - -2)/(-5 + 3). Let y = -2 + 4. Let j be (y/(-6))/(2/(-42)). What is the greatest common divisor of q and j?
7
Suppose -3 = -4*u + 9. Suppose u*o - 12 = -o. Calculate the greatest common divisor of 6 and o.
3
Suppose -2*d - 5*m = -33, 0 = 2*d - d + 3*m - 14. Let n = 43 - d. Let r be 14*(-9)/6*(-20)/6. What is the greatest common factor of r and n?
14
Suppose 2*g + 1 = 3. Let p(x) = 26*x - 2. Let s be p(g). What is the highest common factor of s and 3?
3
Let o(l) = -l**2 - 5*l - 2. Let x be o(-4). Suppose 0 = -a + 5*w + 4 - 8, 4*w - 1 = 3*a. Let m be 7/x*(a + 1). What is the greatest common divisor of 35 and m?
7
Let b(c) = 2*c**2 - 2*c + 8. Let w be b(3). Calculate the greatest common divisor of 200 and w.
20
Suppose 10 = 6*k - k. Suppose k*x - 97 = -5*f, 4*f + 3*x + 35 = 6*f. Calculate the greatest common divisor of 19 and f.
19
Let p(a) = -a**3 - 16*a**2 + 15*a - 18. Let m be p(-17). What is the highest common divisor of m and 24?
8
Suppose 0 = 4*r + z - 23, -r - 10 = -2*z - 3*z. What is the greatest common factor of 10 and r?
5
Let d(w) = w**3 + w**2 + 3. Let x be d(0). Suppose -3*u + u - 4 = -x*t, 2*u - 28 = -5*t. What is the highest common factor of 8 and t?
4
Suppose -3*h - 129 = 24. Let q = 76 + h. What is the highest common factor of q and 10?
5
Let o be 0/(2/(4/(-2))). Suppose o = 2*t - 5*t + 117. Let b = -22 + t. What is the greatest common factor of b and 85?
17
Let c(g) = -2*g - 8. Let h be c(-6). Calculate the greatest common divisor of 32 and h.
4
Suppose -46 - 53 = -p. Suppose -5*a = 39 - p. What is the highest common divisor of 6 and a?
6
Let b(l) = -l - 3. Let n be b(-5). Suppose 0*c - n*c = -234. What is the highest common factor of 13 and c?
13
Let u(o) = -2*o**2 - 48*o + 23. Let l be u(-23). Calculate the greatest common factor of 3 and l.
3
Let j be 0 - (1 - -1) - -8. What is the greatest common divisor of 48 and j?
6
Let l(k) = 5*k**2 + 40*k - 1. Let m be l(-9). What is the highest common factor of 11 and m?
11
Let j = -103 - -181. Let u(g) = g**3 + 7*g**2 + 7. Let z be u(-5). Suppose -4*v + k = -0*v - 47, -4*v + z = k. Calculate the highest common divisor of j and v.
13
Let d be 0 - -3*(-2)/6. Let u be (4/((-12)/81))/d. Suppose -5*i - 2 = -u. What is the highest common divisor of 55 and i?
5
Let i(h) = -h**3 - 5*h**2 - 5*h - 1. Let o be i(-5). Let u = 0 - 3. Let x be (0 + -1)/(u/18). Calculate the highest common divisor of o and x.
6
Let j be ((-1)/5 + 2/2)*5. Calculate the highest common divisor of j and 10.
2
Suppose 572 + 616 = 6*y. Calculate the highest common factor of y and 18.
18
Let p be 3/(-4)*4*-1. Suppose -3*n + 0*r + 1 = 2*r, -n + 2*r + 11 = 0. Calculate the highest common divisor of n and p.
3
Let q(f) = f**3 + 10*f**2 - f + 7. Let s be q(-10). Calculate the highest common factor of s and 85.
17
Let o = -26 - -32. What is the highest common divisor of 3 and o?
3
Suppose -5*i - 4 = -4*n - 6, 3*n = 5*i - 4. Let h be ((-2)/(-3))/(i/27). What is the greatest common factor of h and 36?
9
Suppose 0*z + 2*z = -i + 8, -4*i = 2*z - 20. Suppose -84*q - 4 = -85*q. Calculate the greatest common divisor of q and i.
4
Let r(j) = 10*j**3 - 2*j + 1. Suppose 4*s = 2*o, -7*s + 7 = -2*s + o. Let t be r(s). Suppose 4*v + 7 = 43. What is the highest common divisor of v and t